ommon factor of b and x.
12
Suppose -4*k + u = -23775 + 23504, -2*u = 4*k - 298. Suppose -3*q + 2*q = -3*w - 292, 0 = 5*q + 2*w - 1392. Calculate the greatest common divisor of k and q.
70
Suppose 15 + 13 = 7*t, 0 = -5*i + t + 711. Calculate the highest common divisor of i and 182.
13
Suppose -d + 21 - 1 = -4*c, -15 = -d + 3*c. Suppose d = -3*q + 2*q + 6. Calculate the greatest common divisor of 8 and q.
2
Let m be -2 + 6 - (-19)/152*2264. Calculate the greatest common divisor of m and 656.
41
Let w = -419 + 405. Let g(y) = y**2 + 10*y + 5. Let c be g(w). What is the greatest common factor of 488 and c?
61
Let j(t) = 21*t**2 + 87*t + 736. Let s be j(-11). What is the highest common divisor of 320 and s?
80
Let r = -11 - -23. Suppose 2*q + 1980 = 57*q. What is the highest common factor of r and q?
12
Let b(i) = 8*i**2 + 129*i - 271. Let g be b(-23). What is the greatest common factor of g and 35?
7
Let m(k) = k**3 + 6*k**2 - 9*k + 2. Let g be m(4). Suppose g = 4*l - 6*l. Let f = 75 + l. Calculate the highest common factor of f and 84.
12
Let r = 267 + -244. Suppose -9*b = -103 - r. What is the greatest common divisor of 182 and b?
14
Let r = 1209 + -2166. Let j be ((-2)/3)/(22/r). Let a(c) = c**2 + 3*c + 23. Let f be a(12). What is the greatest common factor of f and j?
29
Let a be 22/(-165) - (-28744)/30. Suppose 11*s = -320 + a. What is the highest common factor of s and 464?
58
Let v = -11011 + 19916. Calculate the highest common divisor of 39 and v.
13
Let o(k) = -2*k**3 - 18*k**2 + 39*k + 13. Let y be o(-11). Suppose 0 = d - 0*d + 3*f - 23, d + 2*f = 21. What is the highest common factor of d and y?
17
Let s(k) = 75*k - 1177. Let g be s(16). Calculate the greatest common factor of 3013 and g.
23
Let d be (2/(-7) - 0) + (-10)/14. Let r be ((-36)/(-14))/d*-7. What is the greatest common factor of r and 126?
18
Suppose -6*p - 16 = f - 10*p, f = 13*p - 70. What is the highest common divisor of 16 and f?
8
Let h(g) = -5*g**2 - 160. Let w be h(15). Let u = -1245 - w. Let q = -10 + 15. Calculate the highest common divisor of q and u.
5
Let f be (-7116)/(-8)*(-5 - -9). What is the greatest common factor of 6 and f?
6
Let p be 2 - ((-324)/4 + 2). Suppose 821 = 5*d + p. Calculate the highest common factor of d and 37.
37
Suppose 0*x - 80 = -5*x. Suppose 44 = 3*a + q, 25 = a - 3*q - 3. Calculate the greatest common factor of a and x.
16
Let i(l) = l**2 + 13*l + 32. Let o be i(-10). Let m be (-2)/(-9) - o*(-2065)/45. Let t = -83 + m. What is the greatest common divisor of 72 and t?
9
Let r(c) = -c**3 + 6*c**2 - 7*c + 9. Let k be r(7). Let m = -1007 + 1110. Let z = k + m. Calculate the highest common divisor of 70 and z.
14
Let d(a) = 65*a**2 - 7*a - 12. Suppose -l - 2 = -0*l. Let g be d(l). Let s = g - 174. What is the highest common divisor of s and 11?
11
Let a(h) = 3*h**3 + 44*h**2 + 26*h + 28. Let q be a(-14). What is the highest common divisor of 1148 and q?
28
Suppose 0 = 5*p + 5, -9*g + 80621 - 15415 = -p. What is the highest common divisor of g and 70?
35
Suppose -29 = 9*d - 182. Suppose 13 = 6*c - d. What is the highest common divisor of c and 515?
5
Let j = 54 + -18. Let f = j + -11. Suppose -3*p = t - 11, -3*t = -5*t + 5*p. Calculate the highest common divisor of t and f.
5
Let a = 110 + -100. Let v(p) = p**3 - 10*p**2 + 2*p - 9. Let d be v(a). Calculate the highest common divisor of 176 and d.
11
Suppose 0 = -8809*p + 8814*p - 2830. Calculate the greatest common factor of p and 6.
2
Suppose -8*d = -475 + 203. Calculate the highest common divisor of 340 and d.
34
Suppose 1459 + 166 = 5*v - 3*q, 0 = -q. Calculate the highest common divisor of v and 39.
13
Let u = 35857 + -35650. Suppose 0 = 3*y + 2*y. Suppose -92 = -y*p - 4*p. Calculate the greatest common divisor of u and p.
23
Let k = -3122 + 3152. What is the greatest common divisor of k and 465?
15
Let m = -7878 + 9471. What is the highest common factor of 413 and m?
59
Let d(r) = -10*r**3 + r**2 + 3*r. Let m be d(-3). Suppose -147*s + 927 = 69*s - 6849. Calculate the highest common factor of m and s.
18
Let o = 3176 - 940. Calculate the greatest common divisor of o and 39.
13
Let i be (285/2)/(10/(-20)). Let f = i + 474. Calculate the greatest common divisor of 14 and f.
7
Suppose 0 + 12 = 4*s, -2*s + 101 = 5*d. Let n = d - -16. Let w = -23 + 33. Calculate the greatest common divisor of w and n.
5
Let n(f) = 7*f - 33. Let g be n(5). Suppose 18 = 2*j - g. Let b(p) = p**3 - p**2 + 2*p - 4. Let h be b(3). What is the greatest common factor of h and j?
10
Let y = 9437 - 5645. What is the highest common divisor of y and 144?
48
Let x be 0/(-3 - 2 - -3). Suppose -y - 2*k + 33 + 54 = x, -k = 0. Suppose -11*c + y = -8*c. What is the greatest common factor of 319 and c?
29
Suppose -2*b + 16 = 2*t + 2*b, -5*b - 5 = 0. Let a = 89 - 134. Let j be 3*-4*a/18. Calculate the greatest common factor of t and j.
10
Suppose -u = -4 + 3. Let a be (-4)/(-8)*u*8. Let g(h) = h**2 + 7*h - 102. Let l be g(-17). Calculate the greatest common divisor of a and l.
4
Let s = 460 - 228. What is the greatest common factor of 3596 and s?
116
Let f = 38 - 17. Suppose 3*u = 4*u - f. Let s be 16/((-64)/(-9))*4/3. What is the greatest common divisor of s and u?
3
Suppose -3*s - j = -2525, 0 = -3*s - 5*j - 427 + 2972. Suppose -123*n + 612 = 95*n - 2440. What is the greatest common factor of s and n?
14
Let x(w) = -w**2 + 48*w + 215. Let i be x(44). What is the greatest common divisor of 34 and i?
17
Suppose -11*o + 4*q = -16*o + 460, 206 = 2*o + 6*q. Suppose -4*b + 92 - 28 = 0. Calculate the greatest common factor of o and b.
8
Suppose 69*f = 12924 + 9846. What is the highest common divisor of f and 30?
30
Suppose 2*u + 3*p - 631 = 0, -p - 4*p - 348 = -u. Let l = -21587 - -21644. Calculate the greatest common divisor of u and l.
19
Let r(i) = -i + 47. Let u(t) = 45. Let m(l) = 6*r(l) - 7*u(l). Let x be m(-7). Calculate the highest common divisor of x and 72.
9
Let z be (-3267)/36 - (-1)/(-4). Let g = z - -336. Let s = 414 - g. Calculate the highest common factor of 26 and s.
13
Suppose -7*u + 2*g = -2*u - 945, 0 = 3*u + 5*g - 567. Let q = -113 + u. What is the highest common divisor of 4 and q?
4
Let s(o) = -1067*o + 8564. Let f be s(8). Let g be 2/8 + (-921)/(-12). What is the highest common divisor of g and f?
7
Let p be (-145483)/(-171) - (-4)/18. Suppose -8*s + p = 91. Calculate the highest common divisor of 5 and s.
5
Suppose -g + 93 = 21. Let n(y) = -8*y - 103. Let v(w) = -8*w - 100. Let k(x) = 2*n(x) - 3*v(x). Let f be k(-5). What is the greatest common factor of f and g?
18
Let q be 34/2*(-1 + 2). Suppose -29*m + 17*m + 2052 = 0. Suppose -2*o + m = c, -o + 3*o + 3*c - 173 = 0. Calculate the highest common divisor of o and q.
17
Let s be (24/(-10))/((-4)/210). Suppose -227 = -4*x - 2*w + 111, -5*x = 4*w - 424. What is the greatest common factor of x and s?
42
Let d(a) = -3*a + 5. Let z be d(0). Suppose -4*u + 43 + 87 = -2*f, -z*f = -2*u + 317. Let s = f - -74. Calculate the greatest common divisor of 99 and s.
11
Let y = -48 - -3050. What is the greatest common factor of y and 158?
158
Let v be 5 + 2 + -8 - -98. Suppose -v + 1 = -3*c. Calculate the greatest common divisor of c and 1.
1
Suppose -2*a - 353 = 2515*h - 2518*h, -3*h + a = -349. Suppose p - 92 = -3*p. Calculate the highest common factor of p and h.
23
Let d = 91 + -91. Let g(v) = v**3 + 2*v**2 - 3*v + 28. Let k be g(d). Calculate the greatest common divisor of 84 and k.
28
Suppose 0 = 4*v + 5*n - 137, -v + 0*v - 4*n = -26. Suppose -62 - v = -2*u. Let h = u - 13. Calculate the greatest common divisor of h and 74.
37
Let p(d) = -162*d**3 + d**2 + 3*d - 4. Let w be p(1). Let j = -143 - w. What is the highest common factor of j and 19?
19
Let o be (-1)/((-18)/(-10) - 2). Suppose 104 - 142 = -19*f. Suppose 2*r + 183 = o*i + 4*r, -i - f*r + 43 = 0. What is the highest common factor of i and 7?
7
Let k be -1 - 1508/(-16) - 34/((-3264)/72). What is the highest common divisor of 9024 and k?
94
Let y(m) = -21*m - 1. Let a be y(-6). Let g(u) = -43*u**2 + 696*u - 28. Let j be g(16). Calculate the greatest common divisor of a and j.
25
Let q(w) = -w**3 + w**2 + 3*w - 1. Let d be q(-3). Suppose -4*m + 14 = -d. Let n = 951 + -921. Calculate the highest common factor 